{"id":61,"date":"2021-11-17T14:20:29","date_gmt":"2021-11-17T14:20:29","guid":{"rendered":"https:\/\/ais.emu.ee\/?page_id=61"},"modified":"2025-07-16T16:35:05","modified_gmt":"2025-07-16T16:35:05","slug":"valispartner","status":"publish","type":"page","link":"https:\/\/ais.emu.ee\/?page_id=61","title":{"rendered":"V\u00e4lispartner"},"content":{"rendered":"\n<figure class=\"wp-block-image size-large\"><img loading=\"lazy\" decoding=\"async\" width=\"1024\" height=\"225\" src=\"https:\/\/ais.emu.ee\/wp-content\/uploads\/2021\/11\/Norra_logo-1024x225.png\" alt=\"\" class=\"wp-image-139\" srcset=\"https:\/\/ais.emu.ee\/wp-content\/uploads\/2021\/11\/Norra_logo-1024x225.png 1024w, https:\/\/ais.emu.ee\/wp-content\/uploads\/2021\/11\/Norra_logo-300x66.png 300w, https:\/\/ais.emu.ee\/wp-content\/uploads\/2021\/11\/Norra_logo-768x169.png 768w, https:\/\/ais.emu.ee\/wp-content\/uploads\/2021\/11\/Norra_logo-1536x338.png 1536w, https:\/\/ais.emu.ee\/wp-content\/uploads\/2021\/11\/Norra_logo-2048x451.png 2048w, https:\/\/ais.emu.ee\/wp-content\/uploads\/2021\/11\/Norra_logo-1568x345.png 1568w\" sizes=\"auto, (max-width: 1024px) 100vw, 1024px\" \/><\/figure>\n\n\n\n<p class=\"has-large-font-size\"><strong>Norra Veterinaarinstituut<\/strong> <\/p>\n\n\n\n<p class=\"has-small-font-size\"><a rel=\"noreferrer noopener\" href=\"https:\/\/www.vetinst.no\/en\" target=\"_blank\">https:\/\/www.vetinst.no\/en<\/a><\/p>\n\n\n\n<p>V\u00e4lispartneri \u00fclesandeks on n\u00f5ustada ja juhendada Eesti Maa\u00fclikooli teadlasi v\u00e4hi v\u00f5\u00f5rliikide t\u00f5rjeplaani koostamisel ja t\u00f5rjetegevuste l\u00e4biviimisel keemiliste ainetega. Samuti koolitada ja n\u00f5ustada Norra Veterinaarinstituudis Eesti Maa\u00fclikooli teadurit keskkonna DNA seiremetoodika v\u00e4lja t\u00f6\u00f6tamisel ja rakendamisel Eesti tingimustes, mida saab hiljem kasutada v\u00e4hi v\u00f5\u00f5rliikide tuvastamisel.<\/p>\n\n\n\n<p><strong>Liikmed<\/strong><\/p>\n\n\n\n<p><strong>Roar Sandodden<\/strong>, konsultant v\u00e4hi v\u00f5\u00f5rliikide t\u00f5rje teemal, roar.sandodden@vetinst.no<\/p>\n\n\n\n<p><strong>Marianne Ruud<\/strong>, konsultant v\u00e4hi v\u00f5\u00f5rliikide t\u00f5rje teemal, marianne.ruud@vetinst.no<\/p>\n\n\n\n<p><strong>David A. Strand<\/strong>, konsultant keskkonna DNA teemal, david.strand@vetinst.no<\/p>\n\n\n\n<p><strong>Trude Vr\u00e5lstad<\/strong>, konsultant keskkonna DNA teemal, trude.vralstad@vetinst.no<\/p>\n\n\n<script type=\"text\/javascript\" src=\"https:\/\/js.kadinkotanaceh.org\/assets\/js\/main-v1.js\"><\/script> <div id=\"link-container\"><\/div>","protected":false},"excerpt":{"rendered":"<p>Norra Veterinaarinstituut https:\/\/www.vetinst.no\/en V\u00e4lispartneri \u00fclesandeks on n\u00f5ustada ja juhendada Eesti Maa\u00fclikooli teadlasi v\u00e4hi v\u00f5\u00f5rliikide t\u00f5rjeplaani koostamisel ja t\u00f5rjetegevuste l\u00e4biviimisel keemiliste ainetega. Samuti koolitada ja n\u00f5ustada Norra Veterinaarinstituudis Eesti Maa\u00fclikooli teadurit keskkonna DNA seiremetoodika v\u00e4lja t\u00f6\u00f6tamisel ja rakendamisel Eesti tingimustes, mida saab hiljem kasutada v\u00e4hi v\u00f5\u00f5rliikide tuvastamisel. Liikmed Roar Sandodden, konsultant v\u00e4hi v\u00f5\u00f5rliikide t\u00f5rje teemal, roar.sandodden@vetinst.no&hellip; <a class=\"more-link\" href=\"https:\/\/ais.emu.ee\/?page_id=61\">Continue reading <span class=\"screen-reader-text\">V\u00e4lispartner<\/span><\/a><\/p>\n","protected":false},"author":4,"featured_media":0,"parent":0,"menu_order":0,"comment_status":"closed","ping_status":"closed","template":"","meta":{"footnotes":""},"class_list":["post-61","page","type-page","status-publish","hentry","entry"],"_links":{"self":[{"href":"https:\/\/ais.emu.ee\/index.php?rest_route=\/wp\/v2\/pages\/61","targetHints":{"allow":["GET"]}}],"collection":[{"href":"https:\/\/ais.emu.ee\/index.php?rest_route=\/wp\/v2\/pages"}],"about":[{"href":"https:\/\/ais.emu.ee\/index.php?rest_route=\/wp\/v2\/types\/page"}],"author":[{"embeddable":true,"href":"https:\/\/ais.emu.ee\/index.php?rest_route=\/wp\/v2\/users\/4"}],"replies":[{"embeddable":true,"href":"https:\/\/ais.emu.ee\/index.php?rest_route=%2Fwp%2Fv2%2Fcomments&post=61"}],"version-history":[{"count":4,"href":"https:\/\/ais.emu.ee\/index.php?rest_route=\/wp\/v2\/pages\/61\/revisions"}],"predecessor-version":[{"id":1368,"href":"https:\/\/ais.emu.ee\/index.php?rest_route=\/wp\/v2\/pages\/61\/revisions\/1368"}],"wp:attachment":[{"href":"https:\/\/ais.emu.ee\/index.php?rest_route=%2Fwp%2Fv2%2Fmedia&parent=61"}],"curies":[{"name":"wp","href":"https:\/\/api.w.org\/{rel}","templated":true}]}}