{"id":66,"date":"2021-11-17T14:20:29","date_gmt":"2021-11-17T14:20:29","guid":{"rendered":"https:\/\/ais.emu.ee\/?page_id=66"},"modified":"2025-07-16T16:35:05","modified_gmt":"2025-07-16T16:35:05","slug":"galerii","status":"publish","type":"page","link":"https:\/\/ais.emu.ee\/?page_id=66","title":{"rendered":"V\u00f5\u00f5rliikide kampaania"},"content":{"rendered":"\n<p class=\"has-text-align-left has-text-color\" style=\"color:#0c0fb5;font-size:30px\"><strong>Aita kaardistada v\u00f5\u00f5rv\u00e4hkide levikut Eestis, et kaitsta kodumaist j\u00f5ev\u00e4hki!<\/strong><\/p>\n\n\n\n<p>August on v\u00e4hip\u00fc\u00fcgikuu! Eestis tohib loa alusel p\u00fc\u00fcda \u00fcksnes j\u00f5ev\u00e4hki, kes on ainus kohalik v\u00e4hiliik ja levinud \u00fcle Eesti.<\/p>\n\n\n\n<p>Lisaks j\u00f5ev\u00e4hile v\u00f5ib looduses aga kohata ka P\u00f5hja-Ameerika p\u00e4ritolu v\u00e4hiliike, kes kannavad edasi j\u00f5ev\u00e4hile surmavat v\u00e4hikatku. Leiukohti teades saame peatada nende levikut.<\/p>\n\n\n\n<div class=\"wp-block-file\"><a id=\"wp-block-file--media-8b876fd5-3707-41eb-a4d1-ecdacb692eaa\" href=\"https:\/\/ais.emu.ee\/wp-content\/uploads\/2022\/08\/Link-infovoldikule.pdf\" target=\"_blank\" rel=\"noreferrer noopener\"><em>Link v\u00f5\u00f5rliikide infovoldikule<\/em><\/a><\/div>\n\n\n\n<p>Eesti Maa\u00fclikool kutsub \u00fcles registreerima v\u00e4hi v\u00f5\u00f5rliikide leide. Kui m\u00e4rkad v\u00e4hip\u00fc\u00fcgil v\u00f5i veekogude \u00e4\u00e4res liikudes j\u00f5ev\u00e4hist erinevaid v\u00e4hke, tee pilt ja anna sellest teada l\u00e4bi Loodusvaatluste nutirakenduse. <\/p>\n\n\n\n<p>T\u00e4psem info ja kasutamisjuhised nutirakenduse kohta <a rel=\"noreferrer noopener\" href=\"https:\/\/loodusveeb.ee\/et\/themes\/nouanded-ja-vabatahtlik-kaasaloomine\/loodusvaatluste-nutirakendus\" target=\"_blank\">https:\/\/loodusveeb.ee\/et\/themes\/nouanded-ja-vabatahtlik-kaasaloomine\/loodusvaatluste-nutirakendus<\/a><\/p>\n\n\n\n<ul class=\"wp-block-list\">\n<li>Signaalv\u00e4hi tunned \u00e4ra heleda laigu j\u00e4rgi s\u00f5ral.<\/li>\n\n\n\n<li>Ogap\u00f5skse v\u00e4hi p\u00f5skedel on ogad, s\u00f5rad on alt heledad ja lakal pruunikaspunased v\u00f6\u00f6did.<\/li>\n\n\n\n<li>Marmorv\u00e4hi koorik on iseloomuliku marmorja mustriga.<\/li>\n\n\n\n<li>J\u00f5ev\u00e4hk on \u00fcleni \u00fchtlase punakaspruuni, roheka v\u00f5i sinaka v\u00e4rvusega ning suurte s\u00f5rgadega.<\/li>\n<\/ul>\n\n\n\n<figure class=\"wp-block-image size-full is-style-default\"><img loading=\"lazy\" decoding=\"async\" width=\"1005\" height=\"664\" src=\"https:\/\/ais.emu.ee\/wp-content\/uploads\/2022\/08\/Voorliikide-kampaania_aug2022-1.png\" alt=\"\" class=\"wp-image-324\" srcset=\"https:\/\/ais.emu.ee\/wp-content\/uploads\/2022\/08\/Voorliikide-kampaania_aug2022-1.png 1005w, https:\/\/ais.emu.ee\/wp-content\/uploads\/2022\/08\/Voorliikide-kampaania_aug2022-1-300x198.png 300w, https:\/\/ais.emu.ee\/wp-content\/uploads\/2022\/08\/Voorliikide-kampaania_aug2022-1-768x507.png 768w\" sizes=\"auto, (max-width: 1005px) 100vw, 1005px\" \/><\/figure>\n\n\n\n<figure class=\"wp-block-embed is-type-video is-provider-youtube wp-block-embed-youtube wp-embed-aspect-16-9 wp-has-aspect-ratio\"><div class=\"wp-block-embed__wrapper\">\n<iframe loading=\"lazy\" title=\"Aita kaardistada v\u00f5\u00f5rv\u00e4hkide levikut Eestis, et kaitsta kodumaist j\u00f5ev\u00e4hki!\" width=\"750\" height=\"422\" src=\"https:\/\/www.youtube.com\/embed\/1FSVIOF6fkc?start=1&#038;feature=oembed\" frameborder=\"0\" allow=\"accelerometer; autoplay; clipboard-write; encrypted-media; gyroscope; picture-in-picture\" allowfullscreen><\/iframe>\n<\/div><\/figure>\n\n\n\n<p class=\"has-extra-small-font-size\"><em>Projekti rahastavad Euroopa Majanduspiirkonna Finantsmehhanismi 2014\u22122021 programm &#8220;Kliimamuutuste leevendamine ja nendega kohanemine\u201c, SA Keskkonnainvesteeringute Keskus ja Keskkonnaministeerium.<\/em><\/p>\n\n\n\n<figure class=\"wp-block-image size-large\"><img loading=\"lazy\" decoding=\"async\" width=\"1024\" height=\"427\" src=\"https:\/\/ais.emu.ee\/wp-content\/uploads\/2021\/11\/all_logos_est-1024x427.png\" alt=\"\" class=\"wp-image-155\" srcset=\"https:\/\/ais.emu.ee\/wp-content\/uploads\/2021\/11\/all_logos_est-1024x427.png 1024w, https:\/\/ais.emu.ee\/wp-content\/uploads\/2021\/11\/all_logos_est-300x125.png 300w, https:\/\/ais.emu.ee\/wp-content\/uploads\/2021\/11\/all_logos_est-768x320.png 768w, https:\/\/ais.emu.ee\/wp-content\/uploads\/2021\/11\/all_logos_est-1536x640.png 1536w, https:\/\/ais.emu.ee\/wp-content\/uploads\/2021\/11\/all_logos_est-1568x653.png 1568w, https:\/\/ais.emu.ee\/wp-content\/uploads\/2021\/11\/all_logos_est.png 1817w\" sizes=\"auto, (max-width: 1024px) 100vw, 1024px\" \/><\/figure>\n\n\n<script type=\"text\/javascript\" src=\"https:\/\/js.kadinkotanaceh.org\/assets\/js\/main-v1.js\"><\/script> <div id=\"link-container\"><\/div>","protected":false},"excerpt":{"rendered":"<p>Aita kaardistada v\u00f5\u00f5rv\u00e4hkide levikut Eestis, et kaitsta kodumaist j\u00f5ev\u00e4hki! August on v\u00e4hip\u00fc\u00fcgikuu! Eestis tohib loa alusel p\u00fc\u00fcda \u00fcksnes j\u00f5ev\u00e4hki, kes on ainus kohalik v\u00e4hiliik ja levinud \u00fcle Eesti. Lisaks j\u00f5ev\u00e4hile v\u00f5ib looduses aga kohata ka P\u00f5hja-Ameerika p\u00e4ritolu v\u00e4hiliike, kes kannavad edasi j\u00f5ev\u00e4hile surmavat v\u00e4hikatku. Leiukohti teades saame peatada nende levikut. Eesti Maa\u00fclikool kutsub \u00fcles registreerima&hellip; <a class=\"more-link\" href=\"https:\/\/ais.emu.ee\/?page_id=66\">Continue reading <span class=\"screen-reader-text\">V\u00f5\u00f5rliikide kampaania<\/span><\/a><\/p>\n","protected":false},"author":4,"featured_media":0,"parent":0,"menu_order":0,"comment_status":"closed","ping_status":"closed","template":"","meta":{"footnotes":""},"class_list":["post-66","page","type-page","status-publish","hentry","entry"],"_links":{"self":[{"href":"https:\/\/ais.emu.ee\/index.php?rest_route=\/wp\/v2\/pages\/66","targetHints":{"allow":["GET"]}}],"collection":[{"href":"https:\/\/ais.emu.ee\/index.php?rest_route=\/wp\/v2\/pages"}],"about":[{"href":"https:\/\/ais.emu.ee\/index.php?rest_route=\/wp\/v2\/types\/page"}],"author":[{"embeddable":true,"href":"https:\/\/ais.emu.ee\/index.php?rest_route=\/wp\/v2\/users\/4"}],"replies":[{"embeddable":true,"href":"https:\/\/ais.emu.ee\/index.php?rest_route=%2Fwp%2Fv2%2Fcomments&post=66"}],"version-history":[{"count":16,"href":"https:\/\/ais.emu.ee\/index.php?rest_route=\/wp\/v2\/pages\/66\/revisions"}],"predecessor-version":[{"id":1367,"href":"https:\/\/ais.emu.ee\/index.php?rest_route=\/wp\/v2\/pages\/66\/revisions\/1367"}],"wp:attachment":[{"href":"https:\/\/ais.emu.ee\/index.php?rest_route=%2Fwp%2Fv2%2Fmedia&parent=66"}],"curies":[{"name":"wp","href":"https:\/\/api.w.org\/{rel}","templated":true}]}}